
List the prime factors of 1850.
2, 5, 37
What are the prime factors of 8619?
3, 13, 17
What are the prime factors of 67370?
2, 5, 6737
List the prime factors of 591.
3, 197
What are the prime factors of 6035?
5, 17, 71
List the prime factors of 33165.
3, 5, 11, 67
List the prime factors of 1723.
1723
List the prime factors of 1063.
1063
List the prime factors of 51945.
3, 5, 3463
What are the prime factors of 33089?
7, 29, 163
What are the prime factors of 49019?
49019
What are the prime factors of 14863?
89, 167
What are the prime factors of 400?
2, 5
What are the prime factors of 115?
5, 23
What are the prime factors of 2167?
11, 197
What are the prime factors of 42151?
61, 691
What are the prime factors of 44786?
2, 7, 457
List the prime factors of 890.
2, 5, 89
What are the prime factors of 18075?
3, 5, 241
List the prime factors of 3731.
7, 13, 41
What are the prime factors of 3888?
2, 3
What are the prime factors of 12799?
12799
List the prime factors of 48131.
48131
List the prime factors of 15125.
5, 11
What are the prime factors of 416?
2, 13
What are the prime factors of 103359?
3, 131, 263
List the prime factors of 1642.
2, 821
List the prime factors of 90121.
90121
List the prime factors of 48226.
2, 24113
What are the prime factors of 3536?
2, 13, 17
What are the prime factors of 1189?
29, 41
List the prime factors of 6556.
2, 11, 149
What are the prime factors of 783?
3, 29
What are the prime factors of 183?
3, 61
List the prime factors of 1025.
5, 41
List the prime factors of 649.
11, 59
List the prime factors of 501.
3, 167
What are the prime factors of 5553?
3, 617
List the prime factors of 46692.
2, 3, 1297
What are the prime factors of 11091?
3, 3697
List the prime factors of 7067.
37, 191
List the prime factors of 12702.
2, 3, 29, 73
List the prime factors of 7809.
3, 19, 137
List the prime factors of 20381.
89, 229
What are the prime factors of 3373?
3373
What are the prime factors of 2080?
2, 5, 13
List the prime factors of 328.
2, 41
What are the prime factors of 18076?
2, 4519
List the prime factors of 93507.
3, 71, 439
What are the prime factors of 116171?
11, 59, 179
What are the prime factors of 1405?
5, 281
List the prime factors of 19219.
19219
List the prime factors of 50168.
2, 6271
What are the prime factors of 11561?
11, 1051
What are the prime factors of 30917?
43, 719
List the prime factors of 639.
3, 71
What are the prime factors of 4539?
3, 17, 89
What are the prime factors of 1258?
2, 17, 37
What are the prime factors of 26427?
3, 23, 383
List the prime factors of 63314.
2, 31657
List the prime factors of 4874.
2, 2437
What are the prime factors of 110?
2, 5, 11
What are the prime factors of 18639?
3, 19, 109
List the prime factors of 63047.
67, 941
What are the prime factors of 10076?
2, 11, 229
List the prime factors of 9989.
7, 1427
What are the prime factors of 3743?
19, 197
What are the prime factors of 7082?
2, 3541
List the prime factors of 40140.
2, 3, 5, 223
List the prime factors of 63.
3, 7
List the prime factors of 38220.
2, 3, 5, 7, 13
List the prime factors of 812.
2, 7, 29
List the prime factors of 3608.
2, 11, 41
List the prime factors of 16621.
11, 1511
What are the prime factors of 3393?
3, 13, 29
What are the prime factors of 289?
17
List the prime factors of 12690.
2, 3, 5, 47
List the prime factors of 1770.
2, 3, 5, 59
What are the prime factors of 668?
2, 167
What are the prime factors of 34928?
2, 37, 59
What are the prime factors of 1985?
5, 397
What are the prime factors of 3675?
3, 5, 7
What are the prime factors of 1860?
2, 3, 5, 31
What are the prime factors of 36087?
3, 23, 523
List the prime factors of 5621.
7, 11, 73
List the prime factors of 36761.
36761
What are the prime factors of 20541?
3, 41, 167
What are the prime factors of 171715?
5, 61, 563
List the prime factors of 1976.
2, 13, 19
List the prime factors of 57470.
2, 5, 7, 821
List the prime factors of 79928.
2, 97, 103
What are the prime factors of 3369?
3, 1123
What are the prime factors of 10820?
2, 5, 541
What are the prime factors of 26433?
3, 11, 89
What are the prime factors of 5454?
2, 3, 101
What are the prime factors of 7137?
3, 13, 61
What are the prime factors of 5627?
17, 331
List the prime factors of 326.
2, 163
What are the prime factors of 32447?
71, 457
What are the prime factors of 1928?
2, 241
What are the prime factors of 6601?
7, 23, 41
List the prime factors of 14307.
3, 19, 251
List the prime factors of 3594.
2, 3, 599
What are the prime factors of 71466?
2, 3, 43, 277
List the prime factors of 27547.
13, 163
List the prime factors of 1311.
3, 19, 23
What are the prime factors of 90124?
2, 22531
List the prime factors of 142356.
2, 3, 11863
What are the prime factors of 9125?
5, 73
What are the prime factors of 874?
2, 19, 23
What are the prime factors of 4586?
2, 2293
List the prime factors of 1081.
23, 47
What are the prime factors of 11038?
2, 5519
What are the prime factors of 9341?
9341
List the prime factors of 2119.
13, 163
What are the prime factors of 14066?
2, 13, 541
What are the prime factors of 1116?
2, 3, 31
List the prime factors of 47997.
3, 5333
What are the prime factors of 1758?
2, 3, 293
What are the prime factors of 307?
307
What are the prime factors of 657?
3, 73
List the prime factors of 72484.
2, 18121
List the prime factors of 793.
13, 61
What are the prime factors of 2250?
2, 3, 5
What are the prime factors of 31817?
31817
What are the prime factors of 57192?
2, 3, 2383
What are the prime factors of 49219?
83, 593
List the prime factors of 3949.
11, 359
List the prime factors of 593.
593
What are the prime factors of 18279?
3, 677
List the prime factors of 1955.
5, 17, 23
What are the prime factors of 386?
2, 193
List the prime factors of 81195.
3, 5, 5413
List the prime factors of 575.
5, 23
What are the prime factors of 21105?
3, 5, 7, 67
What are the prime factors of 6412?
2, 7, 229
List the prime factors of 30298.
2, 15149
What are the prime factors of 2261?
7, 17, 19
List the prime factors of 35159.
35159
List the prime factors of 7678.
2, 11, 349
What are the prime factors of 1465?
5, 293
List the prime factors of 14931.
3, 7, 79
List the prime factors of 44178.
2, 3, 37, 199
List the prime factors of 4546.
2, 2273
What are the prime factors of 9458?
2, 4729
List the prime factors of 20967.
3, 29, 241
What are the prime factors of 4063?
17, 239
List the prime factors of 24402.
2, 3, 7, 83
List the prime factors of 55287.
3, 6143
What are the prime factors of 3491?
3491
What are the prime factors of 3244?
2, 811
List the prime factors of 737.
11, 67
List the prime factors of 4150.
2, 5, 83
What are the prime factors of 82672?
2, 5167
List the prime factors of 4392.
2, 3, 61
List the prime factors of 7545.
3, 5, 503
List the prime factors of 8716.
2, 2179
What are the prime factors of 686?
2, 7
What are the prime factors of 1112?
2, 139
What are the prime factors of 145423?
145423
What are the prime factors of 7252?
2, 7, 37
List the prime factors of 6237.
3, 7, 11
What are the prime factors of 107802?
2, 3, 53, 113
List the prime factors of 565.
5, 113
List the prime factors of 2687.
2687
What are the prime factors of 40755?
3, 5, 11, 13, 19
What are the prime factors of 2059?
29, 71
What are the prime factors of 1685?
5, 337
What are the prime factors of 2481?
3, 827
List the prime factors of 3027.
3, 1009
List the prime factors of 1205.
5, 241
What are the prime factors of 7851?
3, 2617
What are the prime factors of 10016?
2, 313
List the prime factors of 730.
2, 5, 73
What are the prime factors of 26138?
2, 7, 1867
List the prime factors of 947.
947
List the prime factors of 2242.
2, 19, 59
What are the prime factors of 13803?
3, 43, 107
What are the prime factors of 16113?
3, 41, 131
List the prime factors of 1019.
1019
What are the prime factors of 7883?
7883
List the prime factors of 962.
2, 13, 37
What are the prime factors of 53988?
2, 3, 11, 409
List the prime factors of 1736.
2, 7, 31
What are the prime factors of 10208?
2, 11, 29
What are the prime factors of 23198?
2, 7, 1657
What are the prime factors of 6914?
2, 3457
List the prime factors of 4798.
2, 2399
List the prime factors of 3335.
5, 23, 29
List the prime factors of 28.
2, 7
What are t